 is divided by 3/o + 11/3?
1
Suppose -4*w - 610 = -c, -153 = -2*c - w + 1040. Suppose 4*p = -2*k + c, -k + 14*p + 295 = 18*p. Calculate the remainder when k is divided by 78.
69
Suppose -p - 1080 = -6*p. Suppose 209 = -y - 2*d, 0 = 4*y - 8*y + 4*d - 872. Let c = y + 246. Calculate the remainder when p is divided by c.
30
Suppose 4*o + 4*q = 16, -o = -3*q + 4 + 12. Calculate the remainder when (-69)/46*(o + (-190)/6) is divided by 28.
21
Let h(n) = -n**3 - 13*n**2 - 13*n - 28. Let m be h(-13). Let t = m - -780. What is the remainder when t is divided by 84?
81
Let f = 533 - 497. Let x(p) = -12*p**3 - p**2 + p. Let v be x(1). What is the remainder when f is divided by -39*(4/v)/1?
10
Let v = 6 + -13. Let h = -1208 - -1260. What is the remainder when h is divided by (-2)/(-1) - (0 + v)?
7
Let h(d) = 8*d - 1. Let v be (1/3)/((-9)/(-135)). Suppose -8*w + 286 = v*w. Calculate the remainder when w is divided by h(2).
7
Let d be (711/(-2))/((-45)/(-60)). Let n = d - -789. Suppose -12*a + n = -9*a. What is the remainder when a is divided by 18?
15
Suppose 202*y - 223*y + 23268 = 0. What is the remainder when y is divided by 219?
13
Let f = 2553 - 2437. What is the remainder when 2551 is divided by f?
115
Suppose 5*f - 2*h = -68, -30 = 2*f - 3*h + 5*h. Let p = 138 - f. Calculate the remainder when p is divided by 53.
46
Let u(a) = 2*a + 15. Let h(r) = -1028*r - 9237. Calculate the remainder when h(-9) is divided by u(0).
0
Let m(o) = -o**2 + 41*o - 318. What is the remainder when 765 is divided by m(30)?
9
Calculate the remainder when (-234)/(-26)*(0/3 + (17 - 0)) is divided by 30.
3
Let u(s) = -63*s - 861. What is the remainder when u(-15) is divided by ((-1)/(-2))/(10/340)?
16
Let z = 106 - 94. Let y(t) = -t + 20. Let r(a) = -2*a + 30. Let i(v) = 5*r(v) - 7*y(v). Calculate the remainder when i(-4) is divided by z.
10
Let h(s) = -5*s + 61. Let a be h(12). Let g(v) = 43*v**3 + v**2 - 4*v + 3. What is the remainder when 123 is divided by g(a)?
37
Let n(j) = -j**2 - 25*j - j - 152 - 37 - 11*j. What is the remainder when 564 is divided by n(-27)?
78
Suppose -41*g - 16*g + 2278 = 10*g. Let u(f) = 2*f**2 - 5*f + 4. Suppose 2*d = j + 6 + 4, 1 = -5*d - 4*j. Calculate the remainder when g is divided by u(d).
6
Let v be -15*10/45*117/3. Let j = -113 - v. Calculate the remainder when 60 is divided by j.
9
Let p(y) = 2*y**2 + 13*y + 38. Let k = 108 + -58. Suppose -k*c + 55*c = -25. What is the remainder when p(c) is divided by 8?
7
Let v(o) = o**3 + 5*o**2 - o - 9. Let b be v(-5). Let s be (140/42)/(b/(-342)). Suppose -5*f + 2*f + s = 0. Calculate the remainder when f is divided by 49.
46
Let l(h) = 43*h**2 + 4127*h - 77. Let t = 14 + -9. What is the remainder when l(-96) is divided by t?
4
Suppose 5*g - 2*q - 96 = 0, 4*g + 3*q = -293 + 333. What is the remainder when 6477 is divided by g?
13
Let q be -27*((-15)/(-9) + -3 - 0). Suppose q*r = 246 + 726. What is the remainder when 78 is divided by r?
24
Let j = 2699 + -2603. Let w = -42 + 76. Calculate the remainder when j is divided by w.
28
Suppose -3*y = -73 - 11. Let t be (y/2)/((-20)/20). Let s(g) = 2*g + 34. Calculate the remainder when 21 is divided by s(t).
3
Let z = 72 - -2. Let d be (-8 - -2 - -2)*-4. Let b = d + 3. Calculate the remainder when z is divided by b.
17
Calculate the remainder when 5/(-15) - (-97750)/345 is divided by 193.
90
Let w(s) = 9*s**3 - s + 1. Let h(d) = 2*d**2 + 27*d + 4. Let k be h(-9). What is the remainder when (-2989)/k + -7 - 6/(-33) is divided by w(1)?
5
Let t be -3 - 10 - 4*2/(-4). Let v = 77 + t. Let z = v - 47. Calculate the remainder when 55 is divided by z.
17
Let l(h) = 20*h**2 + 4*h + 8. Let x be l(-3). Let m = -164 + x. Calculate the remainder when 33 is divided by m.
9
Let p be 1/5 - (-414)/30. Suppose 0 = p*w - 18*w. Let f(l) = l + 23. What is the remainder when f(w) is divided by 6?
5
Let f = 871 - 371. Suppose -4*m = -m - 48. What is the remainder when (4/3)/(f/165 - 3) is divided by m?
12
Let h(a) be the first derivative of 7*a**2/2 - 10*a + 4. Let r = 64 - 49. Calculate the remainder when h(r) is divided by 33.
29
Let y(a) = 4*a - 88. Let f be (49/(-14) + 1)/((-2)/20). Calculate the remainder when 45 is divided by y(f).
9
Let n = 158 + -64. Suppose 0 = -2049*a + 2039*a - 7170. Let q = a + 736. Calculate the remainder when n is divided by q.
18
Suppose 100551 = 32*f + 7367. Suppose 6*a - 22*a = -f. What is the remainder when a is divided by 21?
14
Let c be ((-184)/(-230))/(((-3)/(-25))/3). Let t(b) = b + 121. Calculate the remainder when t(c) is divided by 13.
11
Suppose 740*a - 696*a = 2992. What is the remainder when 1017 is divided by a?
65
Suppose -6*v + 68 = 11*v. Suppose 9*k = 4*k + 7840. What is the remainder when 2/(-5) + k/70 is divided by v?
2
Let j = -4824 + 5338. Calculate the remainder when j is divided by 37.
33
Calculate the remainder when (-1)/((-25)/(-20)) - 624540/(-300) is divided by 24.
17
Suppose -10042*j = -10037*j - 255. What is the remainder when 473 is divided by j?
14
Suppose -5*a = 2*u - 115, 2*a + 946 = -u + 993. What is the remainder when 4115 is divided by a?
20
Let z be ((-34830)/(-75))/(-6) + 4/10. Suppose -q = -2*q + 3*n + 100, -3*q - 4*n = -326. Let w = q + z. Calculate the remainder when w is divided by 10.
9
Suppose 8 + 4 = 4*d. Suppose -25 = d*q - 295. What is the remainder when q is divided by (-2)/11 - (-20320)/440?
44
Let p = 28873 - 28521. What is the remainder when p is divided by 205?
147
Suppose 6074 = 9*f + 63*f + 1394. What is the remainder when 1364 is divided by f?
64
Let t(y) = 2*y**2 + 10*y + 2. Suppose 1063 = -7*u + 1308. What is the remainder when t(-10) is divided by u?
32
Suppose 0 = -m + 2*t + 752, -3232 + 242 = -4*m - t. Let y = m + -730. Calculate the remainder when 50 is divided by y.
14
Let j = 337 + -325. Suppose 44 = -0*t + 4*t - 5*p, -p = -t + j. Suppose 0 = g + 3*i - 62, -4*g + 94 + 186 = 4*i. Calculate the remainder when g is divided by t.
10
Suppose 2*i - 351 = -m, -5*m = -76*i + 85*i - 1572. Suppose -4*w + 82 = -102. What is the remainder when i is divided by w?
45
Suppose 2081 = 4*p + 1721. What is the remainder when 343 is divided by p?
73
Suppose -10426 = -50*u + 4274. Let d(p) = 4*p - 32. Calculate the remainder when u is divided by d(10).
6
Let k = 1389 - 787. What is the remainder when k is divided by (-4)/(-28) + 4992/91?
52
Suppose 7*p = 1448 - 1287. Let t(z) = z**2 + 6*z + 5. Let s be t(-6). Calculate the remainder when (s + -2)/(-3) + 90 is divided by p.
20
Suppose -1766*l = -1759*l - 2331. Calculate the remainder when 649 is divided by l.
316
Suppose j - 35 = -3*u, -3*j - 19*u + 75 = -15*u. Calculate the remainder when 15554 is divided by j.
16
Let h = -27 - -83. Let t = 552 - 550. Suppose -t*v + h = -24. Calculate the remainder when v is divided by 14.
12
Suppose 1240 = -5*r - 3*f, -248 = 25*r - 24*r + 3*f. Let c = r - -352. What is the remainder when c is divided by 27?
23
Let k(x) = 2*x**2 - x + 1. Suppose 3*t - u = 261, -4674*t + 4669*t = -5*u - 395. What is the remainder when t is divided by k(3)?
11
What is the remainder when 2531 is divided by 33/55 - 23002/(-155)?
147
Suppose -2*b + 15 = z - 1, 2*z - 57 = b. Let f = z - 14. Calculate the remainder when 28 is divided by f.
4
Let q(t) = -4651*t + 18618. Suppose 0*b = 3*b + 27. What is the remainder when q(4) is divided by (-2)/(-9) + (-79)/b?
5
Suppose -13*a = -5*h - 10*a + 34, 11 = h - 2*a. Let d(c) = 2*c**3 + 7*c**2 - 6*c + 11. What is the remainder when d(h) is divided by 34?
32
Suppose -5*a = 4*d - 133, 14*d = 11*d + 3*a + 66. What is the remainder when d is divided by 26?
1
Let u be (200/12*3)/(6/135). Calculate the remainder when 218/9 - (-2)/(-9) is divided by u/(-90)*(-2)/(-5)*-1.
4
Suppose 0 = 2*h - 4*h + 320. What is the remainder when h is divided by 232/36 + 8/(-18)?
4
Suppose 82*d - 81*d + 3656 = 5*j, d + 2190 = 3*j. Calculate the remainder when j is divided by 271.
191
Let y = 706 - 431. Let k = y + -248. What is the remainder when 320 is divided by k?
23
Calculate the remainder when (-30 - 4)*4*(-13 + 2) is divided by 79.
74
Let k(m) = m**3 + 3*m**2 - 2*m - 4. Let l be (6/(-5))/3*(13 - 18). What is the remainder when 167 is divided by k(l)?
11
Let o = -10 - -14. Suppose -2*n = o*n - 54. Suppose 39 = 4*d - n. What 